omposite?
False
Is 6127853 a composite number?
True
Is 1989623 a composite number?
True
Is 699427 a prime number?
True
Is 10514809 a composite number?
True
Is 83497091 a prime number?
False
Is 634679 prime?
True
Is 230191087 composite?
True
Is 27689819 a composite number?
True
Is 85108013 composite?
False
Is 168285707 a composite number?
True
Is 86399 composite?
False
Is 18488087 prime?
True
Is 22360841 prime?
True
Is 6572447 a composite number?
True
Is 18086527 composite?
True
Is 34557989 composite?
False
Is 12408013 prime?
True
Is 36473545 prime?
False
Is 26309071 prime?
True
Is 21770101 a composite number?
True
Is 825811 a composite number?
True
Is 116299069 prime?
False
Is 11665679 a prime number?
True
Is 109453063 a prime number?
True
Is 1243093 composite?
False
Is 31112821 prime?
False
Is 17445371 a prime number?
False
Is 45434941 prime?
True
Is 75680029 composite?
True
Is 1137154 a prime number?
False
Is 5946737 prime?
True
Is 1748881 a prime number?
True
Is 332304431 a prime number?
True
Is 45659459 prime?
True
Is 41175607 prime?
False
Is 11004745 composite?
True
Is 1877127793 a composite number?
False
Is 1214273 prime?
True
Is 8345863 composite?
True
Is 332706343 composite?
False
Is 1435020817 composite?
False
Is 375790738 prime?
False
Is 1827479 a prime number?
True
Is 332229371 prime?
False
Is 140380467 a composite number?
True
Is 2471377 composite?
False
Is 6003993 a prime number?
False
Is 23430481 prime?
False
Is 29605867 a prime number?
False
Is 18979017 a prime number?
False
Is 43442611 composite?
False
Is 8111189 a composite number?
False
Is 982961 prime?
False
Is 10319587 a composite number?
True
Is 1641901 a composite number?
True
Is 374389 a prime number?
True
Is 187840547 composite?
False
Is 18887263 prime?
False
Is 3507121 prime?
False
Is 1989899 a composite number?
False
Is 1379293 a prime number?
False
Is 18128291 a composite number?
True
Is 6448483 composite?
False
Is 24456053 a prime number?
False
Is 1246073 a prime number?
True
Is 15730021 composite?
False
Is 1529551 prime?
False
Is 189051703 composite?
True
Is 268769741 prime?
True
Is 73073843 composite?
True
Is 4709429 a composite number?
False
Is 956089 prime?
False
Is 1983913 composite?
False
Is 326778091 a prime number?
False
Is 395323951 composite?
True
Is 56305607 a prime number?
False
Is 56528029 composite?
True
Is 2915699 prime?
True
Is 2537287 prime?
True
Is 39020951 prime?
False
Is 210213923 prime?
False
Is 43195186 a prime number?
False
Is 3619249 a prime number?
False
Is 9403183 prime?
True
Is 4781155 a prime number?
False
Is 3474619 prime?
True
Is 10279691 a prime number?
True
Is 33453283 composite?
True
Is 1337677 a composite number?
True
Is 877983 a prime number?
False
Is 964307593 composite?
True
Is 12371669 prime?
False
Is 86984783 prime?
True
Is 4337479 composite?
False
Is 507108313 composite?
False
Is 4535809 prime?
False
Is 27007511 a prime number?
True
Is 1384421 composite?
True
Is 801461 composite?
False
Is 97268911 composite?
False
Is 1194157 a composite number?
False
Is 174323 a prime number?
False
Is 122555593 a prime number?
False
Is 665422599 a prime number?
False
Is 1568867 a prime number?
True
Is 8333957 a prime number?
True
Is 5150987 a composite number?
False
Is 828626741 prime?
True
Is 10605877 prime?
False
Is 9560699 composite?
True
Is 4061177 composite?
False
Is 645257 a prime number?
True
Is 18123641 a composite number?
False
Is 7603627 a composite number?
False
Is 1125074 a prime number?
False
Is 2782469 composite?
False
Is 1885853 prime?
False
Is 64246846 prime?
False
Is 7854827 prime?
False
Is 14108251 prime?
True
Is 5289929 a prime number?
True
Is 75263953 a prime number?
False
Is 18140173 composite?
True
Is 933047 prime?
True
Is 14180461 a prime number?
False
Is 11926609 a composite number?
True
Is 159719603 a prime number?
True
Is 6230501 prime?
True
Is 362081 a composite number?
False
Is 688049231 prime?
True
Is 95171837 composite?
True
Is 219103621 a prime number?
False
Is 83870629 a prime number?
False
Is 57618113 prime?
False
Is 2432449 a composite number?
True
Is 767098417 prime?
True
Is 76620701 prime?
True
Is 8370686 a prime number?
False
Is 1578469 prime?
True
Is 1907601 a composite number?
True
Is 529070213 a composite number?
True
Is 52207343 prime?
True
Is 45424891 prime?
True
Is 10485053 a composite number?
True
Is 19619606 composite?
True
Is 2010527 a composite number?
False
Is 86791741 a prime number?
True
Is 136213201 prime?
True
Is 2950037 a prime number?
True
Is 107061661 composite?
True
Is 952303967 composite?
False
Is 138510721 a prime number?
False
Is 12026923 composite?
False
Is 38014729 composite?
False
Is 8318873 a composite number?
True
Is 2095801 a composite number?
True
Is 177185 a prime number?
False
Is 413737 composite?
False
Is 2740631 composite?
False
Is 28115891 a composite number?
False
Is 11233433 a prime number?
True
Is 144272683 prime?
True
Is 3157229 a prime number?
True
Is 25536517 composite?
False
Is 8884763 a composite number?
True
Is 17612489 a prime number?
False
Is 1791599 prime?
True
Is 12111779 prime?
True
Is 324037589 a prime number?
True
Is 91789393 prime?
False
Is 11575303 a composite number?
True
Is 162746761 a composite number?
True
Is 611935 prime?
False
Is 128011849 composite?
True
Is 261749743 prime?
True
Is 32405539 a prime number?
False
Is 6593333 composite?
True
Is 185740943 prime?
True
Is 9402857 prime?
True
Is 128435033 a prime number?
True
Is 19724729 a composite number?
False
Is 22857434 composite?
True
Is 466363 a composite number?
True
Is 53684611 a prime number?
False
Is 10076977 a composite number?
True
Is 274940221 a composite number?
False
Is 6343651 a composite number?
False
Is 14518181 composite?
False
Is 154260313 composite?
False
Is 61120999 composite?
True
Is 443850221 prime?
False
Is 1565431 prime?
False
Is 208676701 a composite number?
False
Is 3246101 prime?
True
Is 23632421 composite?
True
Is 68278747 a prime number?
True
Is 56122717 a composite number?
True
Is 29506907 a composite number?
True
Is 31476617 a prime number?
False
Is 370649 prime?
False
Is 135912005 a prime number?
False
Is 47604847 a prime number?
False
Is 26265133 composite?
True
Is 53978293 composite?
False
Is 101852573 composite?
True
Is 451357226 prime?
False
Is 1674753 prime?
False
Is 218237 composite?
True
Is 106953893 a composite number?
False
Is 139381 composite?
True
Is 105067 a composite number?
True
Is 381449323 a prime number?
True
Is 119803907 prime?
False
Is 257672749 a prime number?
False
Is 323096393 prime?
True
Is 63561809 a prime number?
True
Is 53921191 a prime number?
False
Is 1450469 composite?
False
Is 1823423 a prime number?
False
Is 10032861 prime?
False
Is 2700881 prime?
True
Is 56861261 composite?
True
Is 2453119 composite?
False
Is 1359143 a prime number?
False
Is 116426317 prime?
False
Is 219668131 a composite number?
False
Is 5272613 a composite number?
False
Is 6098371 a prime number?
True
Is 59722703 prime?
True
Is 6141257 a prime number?
True
Is 42316649 a prime number?
True
Is 3743039 composite?
False
Is 5891713 prime?
False
Is 112373951 prime?
True
Is 168966853 composite?
True
Is 22860379 composite?
False
Is 164387 composite?
False
Is 26223619 a prime number?
True
Is 162831 composite?
True
Is 2021321 composite?
False
Is 853039 prime?
False
Is 1588421 a composite number?
True
Is 5783461 a prime number?
True
Is 84217853 a composite number?
False
Is 844001 a prime number?
True
Is 1583899 a prime number?
True
Is 12846829 a prime number?
False
Is 4068931 a prime number?
False
Is 180229799 a composite number?
True
Is 906517 a prime number?
True
Is 653001 prime?
False
Is 322048789 a composite number?
False
Is 343295 a prime number?
False
Is 98102341 a prime number?
True
Is 41283467 a prime number?
False
Is 24731827 a prime number?
False
Is 15272813 a prime number?
False
Is 4159381 prime?
False
Is 4419782 prime?
False
Is 128491921 a composite number?
True
Is 5090681 composite?
True
Is 8925083 composite?
False
Is 41441861 a prime number?
True
Is 11162119 prime?
True
Is 37259267 prime?
False
Is 1365817 composite?
True
Is 21785657 prime?
True
Is 544121 a prime number?
False
Is 5883279 prime?
False
Is 385043 a composite number?
True
Is 26169709 prime?
False
Is 80